
What is the value of -131 + (-9 - -55) - -39?
-46
Evaluate 3 + (4 - -5 - -6) - (-22 - -15) - 10.
15
Evaluate -3293 - -3307 - (-34 + -2).
50
What is the value of (-8 - -6) + 85 + (7 - 2 - (2 + 14))?
72
-25 + -16 - 2 - -68
25
0 + -5 + (339 - 202 - 133)
-1
What is the value of 7 + (-2 - -2) - ((-116 - -38) + 82)?
3
-8 + 18 + -8 + 5 - (-8 - (15 - -42))
72
What is the value of -13 + (1 + 2 - (209 + -208)) + -22?
-33
8 + 28 + 46 + 30
112
-56 + (-110 + 99 - -115)
48
-8 - -154 - 29 - (-19 + 10 + 1 + 6)
119
What is the value of 33 + 14 - (16 - -1)?
30
What is -77 - ((71 - 75) + -137)?
64
What is (-48 - -61 - -30) + -52?
-9
Calculate -10 - -24 - (-217 - -187).
44
What is -5 - (18 - 48 - (2 - 97))?
-70
What is the value of -22 + (-7 - -9) + 98 + (-12 - 21)?
45
Evaluate 19 - -15 - (71 + -5) - -83.
51
What is the value of 1 + 0 + -8 + (-32 - (16 - 2) - 8)?
-61
Calculate (12 + -11 - (0 - -8)) + (-326 - -309).
-24
Calculate 6 + 1 - (58 + (52 - 69)).
-34
(16 - (-3 + 8)) + (7 - 9 - 6 - 3)
0
5 + (144 - 73) + -99
-23
What is the value of 22 - -1 - (31 + -41 + (-23 - -42))?
14
What is the value of -63 + (89 - 59) - (-6 - 0)?
-27
What is 4375 - 4377 - (27 - -1)?
-30
Calculate -34 - -45 - (8 + -4 + -7 + -5 - -2).
17
Evaluate 8 - ((23 - 13) + 4 + -77 - 6).
77
What is -102 - ((-41 - -1) + -214 + 225)?
-73
What is 35 - (-22 - -51) - 27?
-21
What is the value of -45 - (8 - (14 + -9)) - (-3 + -7)?
-38
What is the value of (5 - 89) + (-307 - -311) - (2 - 9)?
-73
What is the value of 7 + 14 - (1337 + -1218)?
-98
Calculate -55 + 44 - (-17 + 1 - -7).
-2
What is the value of (-5 - (-2 - 5) - 0) + -138 + 129?
-7
Evaluate (-24 + 6 - -1) + (96 - 95).
-16
What is the value of (-16 - (-5 - (17 + -27 + 14))) + -48?
-55
What is 63 + (12 - (9 + (11 - (7 + -2 - 1))))?
59
What is the value of (1 - 62 - (5 + -9 + 8)) + 13 + -5?
-57
Evaluate 0 + -62 - (15 + (32 + -69 - -19)).
-59
Calculate 132 - (87 - 13) - (-6 - -2).
62
17 - (6 + (8 - -8) + (-31 - -22)) - 64
-60
15 + -15 - -3 - -16 - 37
-18
20 + 0 + -9 - ((6 - 3) + -3 + -1)
12
17 - 74 - 1 - -28
-30
Evaluate 8 + (14 - 5) + -8 + -43 + (-18 - -14).
-38
9 - (-4 + -22) - 10
25
Evaluate 22 - 13 - (27 + -35 + 19).
-2
Calculate (29 + -51 - -37) + (-1 - 1) + -5 + 63.
71
(113 - 117) + -72 + 7 + (-2 - -1) + 6
-64
Calculate -11 + 0 + -13 + (246 - 239) + -48.
-65
41 - (4 - -10 - (-22 + 35))
40
What is the value of -24 + -70 - (8 - (-23 + 50))?
-75
-36 + -77 + 127 + 46
60
(-3 + 4 - 1) + 1 + -192 + 208
17
Calculate -16 + 4 + -12 + 15 - -47.
38
Evaluate -60 - (1 + (-39 - -31)).
-53
(13 - (21 + -15 + -13 + 10)) + -6
4
What is -11 - -11 - (39 - (5 - 11 - -13))?
-32
7 + 2 + 7 + -2 + -3 + -1 - 109
-99
What is -1 + 30 + 6 + -13?
22
-52 + -25 + 37 - (-2 + 9 + 0)
-47
What is 2 - 0 - (-26 - -9 - 0) - -115?
134
What is -4596 + 4614 + 0 + -9 - (80 + 0)?
-71
3 + -10 + 0 - (-812 + 757)
48
What is the value of -3 + 14 + (-31 - (3 - -4)) + -16 - 4?
-47
Calculate -4 - (((12 - -3) + -79 + 202 - 7) + -2).
-133
Calculate (-61 - -105) + -4 + -31.
9
(13 - (33 + -25)) + -3 + (-2 - 0) + -27
-27
Calculate (47 + -69 - 121) + 4.
-139
What is the value of (-3 - -14) + -21 + 23 + 11?
24
(351 - 345) + (-1 - 1 - 9 - -2) - 8
-11
Calculate (94 + 5 - 16) + -38.
45
What is the value of 1 - (0 + 4) - (7092 - 7104)?
9
Calculate (-51 - -5 - (17 - 24 - -20)) + 7.
-52
What is (54 - ((-34 - -1) + 45)) + 21?
63
Evaluate -50 + 17 + (-27 + 46 - -17).
3
-62 - (-13 - 70) - (-40 + -4)
65
What is the value of -18 - (-13 - (-80 - -24) - 20)?
-41
What is (1 - -17) + (8 + -35 - -5) + -82?
-86
Calculate 1 - (1 + 0) - -11 - (175 - (203 - 83)).
-44
What is the value of (0 - (-17 + -63)) + 3 + -1 + 7?
89
What is the value of (-382 - -401) + 0 + 1?
20
Evaluate (1 - -99) + 5053 + -5070.
83
-1 - (-9 + -9 + 9 + 1) - -2
9
Evaluate (-8 - (-41 - (33 - 33))) + -138.
-105
Evaluate -39 - (2 + -1 + 16 + -20 + 12).
-48
Evaluate -18 - (2 + -38 - (-198 - -95)).
-85
What is -55 + 16 + 3 + (338 - 195)?
107
Calculate (42 - 2) + (-16 - -1) - 14 - -21.
32
Evaluate -6 - (15 - (3 + -2)) - (4 + -19 + 10).
-15
145 - (-58 - -103) - 46
54
What is the value of (14 - (-32 + -1 - -21)) + -15?
11
Calculate -2 - (2 - 3) - -3 - (39 - (11 + -1)).
-27
Evaluate 22 + ((29 - 15) + -14 - 48).
-26
196 + -219 + (-34 - -2) - 14
-69
Evaluate 12 + 25 + -19 + (26 - -28).
72
-37 + (36 - 97) + 61
-37
((12 - 23) + (3 - (-3 - 6)) - 51) + 4
-46
Evaluate (-70 - -5) + 153 + -124.
-36
Calculate 3 - (3 + 43) - (24 + -24 - -20 - 21).
-42
What is the value of (201 - 226) + (6 - 1)?
-20
(-132 - -51) + (14 - (2 + (0 - -2) + 3))
-74
What is the value of (12 - -2) + -28 + 4 - (-13 + 3)?
0
(6 - 10) + (2 - (4 - 10)) + 3
7
What is the value of 121 - ((372 - 371) + (-4 - -42))?
82
What is the value of 3 - (-25 + 9 - 5 - -18)?
6
What is 0 - 3 - ((6 - 56) + 146 + -171 + 7)?
65
What is the value of 6 + 6 + -13 + (26 - 15)?
10
16 - (-129 + -14 + 19 + (9 + -22 - -9))
144
Evaluate -5 + -96 + 11 - -80.
-10
What is -75 - (40 + -37 - (-5 + -3 + (-5 - -9)))?
-82
What is 7 + 8 - -10 - (-39 + 63)?
1
What is -24 + (97 + -108 - 28)?
-63
What is 46 + 2 + -32 + 22?
38
-13 - (0 + 1) - (15 + -33 + -25)
29
What is the value of 572 - 495 - (-2 + (-23 - 2))?
104
What is 134 + -11 + (50 - 60)?
113
What is the value of (-41 + 7 + 6 - (0 - 12)) + -5?
-21
Evaluate -7 - 0 - (-9 + (-5 - -5)) - (0 + 17).
-15
(73 - (-19 + 136)) + 141
97
Calculate -23 + 16 + (-3 - (11 - 5)) + 5 + -7.
-18
Calculate 0 + 0 + -39 + 2 + (9 - 30).
-58
Evaluate (-20 - -15) + 13 + -1 - -33.
40
18 - (11 + (-4 - -7 - -9) + -12)
7
What is the value of -17 - ((-116 + 64 - -63) + -9 + -1)?
-18
(-397 + 256 - (1 + -13)) + (11 - 4 - 9)
-131
What is (-10 - 2) + 11 + (24 - (20 - -13))?
-10
Evaluate -20 - ((6 - (4 + -6)) + (3 - 4 - 7)).
-20
Evaluate 2 - (-3 + 0 + -24) - (662 + -652).
19
What is (47 - 47) + -6 + -2 - (-80 - 1)?
73
Evaluate -1 + 0 - (-53 - (-12 + -3)).
37
Evaluate 109 + (29 + -12 - (23 + 8 - 21)).
116
What is the value of 2 + 0 + 7 - (105 + 115 + -238)?
27
What is -4 + 9 + -5 + (20 - (14 - 6)) - 81?
-69
What is the value of -31 + (19 - (-24 + 61)) + 18?
-31
Calculate (16 - (-14 + 19)) + -21 + (-26 - -1).
-35
What is -61 - (-7 - (133 + -73))?
6
Evaluate -16 + (-27 - -48 - -19).
24
Calculate 732 + -684 + (9 - (-1 - -1) - (81 - 84)).
60
What is (87 - 91 - (13 - -1)) + -22 + 33?
-7
Calculate (0 - 34) + -16 + 3 + 0 + 21.
-26
What is (-2 - 29) + -664 + 683 + (-3 - -52 - -3)?
40
What is the value of (33 + -10 + (3 - 12) - -35) + -10 + 1?
40
-9 + -2 - -1 - (4923 - 4936)
3
Calculate 2 - (6 + (2 - 15)) - (-2 + -6 + 21).
-4
Calculate 293 - 330 - (-21 - (4 + -7)).
-19
What is 49 + 1 + -21463 + 21459?
46
Calculate 50 - (-39 - -71 - -41).
-23
-103 - (2 + (11 - 24 - (3 + -1 + -2)))
-92
Evaluate (-2768 - -2766) + (1 - -41).
40
What is the value of 42 - 1 - (14 - (294 - 365))?
-44
Calculate -47 + (-28 - -12) + 47.
-16
Calculate 81 + 55 - 78 - 80.
-22
Evaluate 19 - ((13 - 20) + -8 + 5).
29
Evaluate 3 + -20 + -28 + 22.
-23
-2973 - -2911 - (-31 + 0)
-31
(79 - (31 - -61)) + 51
38
20 + 25 + -12 - 24
9
-9 + 26 + (9 - ((18 - -19) + -13))
2
What is the value of -13 + 10 + 4 + 6 + (-4 - (1 - 7))?
9
322 - 321 - (2 - (-48 + -3 + -3))
-55
Calculate -41 + -5 - (-449 - -400).
3
Calculate 43 + (-29 - -27) + -56 + (-49 - -1).
-63
What is the value of 11 - (-19 + -4) - 15 - -18?
37
What is the value of (-184 - -244) + (-6 - (-6 - -7)) + 7?
60
Evaluate -2 + -4 + -16 + 18 + 19 - -41.
56
Evaluate -7 - -29 - (32 + 19 + 0).
-29
Evaluate 55 + (-5 - 14 - (-19 - (-12 + 4))).
47
What is (2 - (-1 - -2)) + (-18 - ((6 - 9) + -37))?
23
What is the value of -160 - ((80 - 9) + -159)?
-72
Calculate -185 + 385 - 164 - (44 + 1).
-9
Calculate 14 - ((-1 - -6) + (39 - (21 - -18)) + 4).
5
What is (2 + -8 - 0) + 181 + -169?
6
Evaluate (-33 + 9 - -44) + (-4 + 1 - 11 - -6).
12
Calculate 87 - (-62 - -105) - -7.
51
-10821 + 10722 - (-20 + -3 + 7 + -1)
-82
Calculate -107 + ((47 - 35) + -29 - (-16 + 1)).
-109
What is the value of -209 + 225 - (-1 - -20)?
-3
What is 13 + ((-2 - 2) + 37 + -21 - 9)?
16
Evaluate -7 - -17 - (-8 + (81 - 5) + -4).
-54
Evaluate (3 - -93 - -2 - -6) + (-32 - -46) + -8.
110
What is (-9 - -10) + 1 - (-10 - (35 - (11 + -5)))?
41
What is 47 + (27 - 63) + 160 + -37?
134
Evaluate (0 - -1 - 52) + 3848 + -3839.
-42
What is 2268 + -2198 - (-1 + 42)?
29
Ca